15?
4012217
In base 2, what is -10 - -10110000011011011?
10110000011011001
In base 14, what is 2c7 + 1a754?
1aa3b
In base 15, what is -2d370 - a?
-2d37a
In base 4, what is 2121103133033 - -1?
2121103133100
In base 8, what is -772614056 + -3?
-772614061
In base 10, what is 9 + 708860?
708869
In base 8, what is -1564016463 + 3?
-1564016460
In base 7, what is 6526312006 + -4?
6526312002
In base 13, what is -12a34 + 67b7?
-924a
In base 15, what is 0 + -7d2088c?
-7d2088c
In base 13, what is -8 + 97200?
971c5
In base 16, what is 3a9856 + 2?
3a9858
In base 6, what is 235412 + 20542?
300354
In base 15, what is b87197 + -bd?
b870c9
In base 6, what is 110520 - -22035?
132555
In base 16, what is -180 - 1fb93?
-1fd13
In base 8, what is -1452 - 1557065?
-1560537
In base 12, what is 4 + -23089064?
-23089060
In base 8, what is -13675 + -332332?
-346227
In base 5, what is 10 + -100334120?
-100334110
In base 13, what is -1a7a - -270?
-180a
In base 2, what is -111010010111011110011011101 + -11?
-111010010111011110011100000
In base 10, what is 4746 + 127520?
132266
In base 5, what is -10321102 - -2122?
-10313430
In base 6, what is -2001021351 - -13?
-2001021334
In base 2, what is 1000110001111 + 10110111001111000?
11000000000000111
In base 16, what is 7fd566 - -4?
7fd56a
In base 12, what is -8 - -2a1b2427?
2a1b241b
In base 16, what is -181 - 8d?
-20e
In base 5, what is 12043142303 - 100?
12043142203
In base 10, what is -957 + -28399?
-29356
In base 15, what is -7192b - 10?
-7193b
In base 7, what is 16153 + 4156?
23342
In base 14, what is -318c13 - 5?
-318c18
In base 3, what is -10 - 102101201212102?
-102101201212112
In base 10, what is 4517437 - 0?
4517437
In base 8, what is -713546320 + 4?
-713546314
In base 9, what is 17 + 13256280?
13256307
In base 12, what is -71394a83 - 3?
-71394a86
In base 10, what is -5 - 29572562?
-29572567
In base 13, what is 26 - 84b99?
-84b73
In base 9, what is 4 - -2038228?
2038233
In base 9, what is -51255034 - -3?
-51255031
In base 5, what is -20421 - -20134334?
20113413
In base 4, what is -11203113001 + -12?
-11203113013
In base 14, what is 1890 + 5523?
6db3
In base 2, what is 100000101011001 - 1100000?
100000011111001
In base 16, what is -e08 - 4d4?
-12dc
In base 4, what is -122 - -32333?
32211
In base 5, what is 3 - 11323112243?
-11323112240
In base 4, what is 0 + -1001120203021?
-1001120203021
In base 10, what is 3336 + -20549?
-17213
In base 15, what is -4e6a - 68?
-4ed3
In base 12, what is 1 + 2907960?
2907961
In base 3, what is -101202 + -2100012?
-2201221
In base 5, what is -344320 + 331014?
-13301
In base 12, what is -b28b995 - -12?
-b28b983
In base 16, what is 83d0 - -80?
8450
In base 4, what is -21 + -12222131003?
-12222131030
In base 9, what is 5834031 - 5?
5834025
In base 5, what is 1221442 - 3234?
1213203
In base 13, what is -a68 + 6064?
52c9
In base 4, what is -2200301 - -2230001?
23100
In base 3, what is -1010022200 + 1201212?
-1001120211
In base 13, what is 90 - 193879?
-1937b9
In base 15, what is -1b7185d + e?
-1b7184e
In base 9, what is 33652160 + 4?
33652164
In base 14, what is 2354d5ad + 1?
2354d5b0
In base 11, what is -37010083 + -5?
-37010088
In base 16, what is -27e4 - -1b78c?
18fa8
In base 8, what is 6 + 2064222?
2064230
In base 5, what is -10 - 200443342140?
-200443342200
In base 15, what is -2a + -3eb29?
-3eb54
In base 15, what is -6b - 3bc0?
-3c3b
In base 11, what is 1278 + 9827?
aaa4
In base 3, what is 102000122 - -11011010?
120011202
In base 7, what is -132 - 3320421?
-3320553
In base 3, what is 12 - 20221000212021?
-20221000212002
In base 4, what is 1032231 - -320?
1033211
In base 14, what is -45 - c8645?
-c868a
In base 11, what is -7a8337 - -171?
-7a8176
In base 4, what is -102 + 302213100131?
302213100023
In base 10, what is -110335 - -2727?
-107608
In base 7, what is -1651321 - -2235?
-1646053
In base 11, what is -1a5062 - 34?
-1a5096
In base 2, what is 1001101110001100 + -10111001110111?
110110100010101
In base 6, what is -5020 + 3413102?
3404042
In base 14, what is 1007a1 - -11?
1007b2
In base 4, what is 233002 + 122232?
1021300
In base 7, what is -200 + 335556?
335356
In base 5, what is -144012204 + 12121?
-144000033
In base 11, what is -23 - -55763?
55740
In base 13, what is -a95 - 9964?
-a729
In base 14, what is -16130c5 + -2?
-16130c7
In base 6, what is -1303225 - 52?
-1303321
In base 7, what is -4242364 + -36?
-4242433
In base 12, what is -17 - -2b7b328?
2b7b311
In base 7, what is -131252322 - 2?
-131252324
In base 2, what is 1111011 + -1110111000001010?
-1110110110001111
In base 6, what is -3300525 + 10015?
-3250510
In base 9, what is 530280 - 431?
528748
In base 8, what is 412 - 2113740?
-2113326
In base 8, what is -1235 - 25666?
-27123
In base 9, what is -20 - 13503500?
-13503520
In base 10, what is -34 - 309411?
-309445
In base 2, what is -111011110111011 + -1110001110010?
-1001010000101101
In base 9, what is 62 + -4010225?
-4010153
In base 6, what is 3555333 - -1013?
4000350
In base 13, what is -183 + -1c964?
-1cb17
In base 12, what is -75aa - -3766?
-3a44
In base 9, what is 1614607071 + 2?
1614607073
In base 3, what is -102 + 11220012002110?
11220012002001
In base 12, what is -b640ab + -135?
-b64224
In base 3, what is 12 + -202011202220121?
-202011202220102
In base 15, what is a5 + -12b62?
-12aac
In base 9, what is -1521 + 2267?
646
In base 3, what is 101211221 + 200211?
102112202
In base 15, what is d4b924 - 2?
d4b922
In base 9, what is -2611155 + -26?
-2611182
In base 15, what is 697830 + -1d?
697812
In base 4, what is -11012123221022 + 10?
-11012123221012
In base 13, what is 29530ab - -2?
29530b0
In base 11, what is a4461a9 - -4?
a446202
In base 3, what is 1 + 110010212102000021?
110010212102000022
In base 6, what is -55400 + -3234?
-103034
In base 10, what is -3 + 35511811?
35511808
In base 14, what is -4 + -1bc9892?
-1bc9896
In base 16, what is -9 - 40e658?
-40e661
In base 16, what is -a5 - 3da706?
-3da7ab
In base 16, what is -1080e + -4e?
-1085c
In base 13, what is 92c3 + 3184?
c477
In base 3, what is -1 + -11102212112011210?
-11102212112011211
In base 5, what is 32140333 + -1214?
32134114
In base 11, what is 68320 + -35a4?
64827
In base 4, what is -311322 + -11200313?
-12112301
In base 15, what is -37003 - 197?
-3719a
In base 13, what is -22 + -1322c7?
-132319
In base 5, what is -133 - -4132302022?
4132301334
In base 7, what is 3602540355 - -6?
3602540364
In base 5, what is 41433342 - 4130?
41424212
In base 16, what is 5 - -30b8ed3?
30b8ed8
In base 5, what is -4 - -3430002122?
3430002113
In base 5, what is -4030 + -10331212?
-10340242
In base 2, what is 1001010101100101100011 + 101?
1001010101100101101000
In base 4, what is 2 - 10000000201313?
-10000000201311
In base 10, what is -35504086 - 5?
-35504091
In base 12, what is 1 + 3b42561?
3b42562
In base 8, what is -55 + -33261275?
-33261352
In base 10, what is 7666247 - 0?
7666247
In base 9, what is 30451 + 1388?
31850
In base 12, what is a70b - 9aa?
9921
In base 11, what is 11a24 - 0?
11a24
In base 4, what is 2110213000213 + -2?
2110213000211
In base 11, what is -12a6 - -10788?
a492
In base 7, what is -53515542241 - 2?
-53515542243
In base 11, what is 15171a71 - -4?
15171a75
In base 6, what is -40214 + -230243?
-310501
In base 7, what is -112166 + -4?
-112203
In base 4, what is 120303 + -120131233?
-120010330
In base 11, what is -256222902 + -5?
-256222907
In base 9, what is 23148 + -1566?
21472
In base 12, what is -125483 - -35?
-12544a
In base 7, what is 25361503531 + 5?
25361503536
In base 10, what is -20333 + -24726?
-45059
In base 9, what is -2238877 + -5?
-2238883
In base 15, what is 31 - -528b3?
528e4
In base 16, what is -f - -84abf5?
84abe6
In base 16, what is -3a7 + c900?
c559
In base 10, what is -28839 + 333?
-28506
In base 8, what is -30541551 - 4?
-30541555
In base 9, what is 42 - 2142481?
-2142438
In base 8, what is 421236471 + 1?
421236472
In base 3, what is -200222 - -111001021100?
111000120101
In base 5, what is 120424031 + 1333?
120430414
In base 6, what is 1051543143 + 113?
1051543300
In base 16, what is 625 + 257d?
2ba2
In base 8, what is 12167 - 166071?
-153702
In base 16, what is -64d37 - 105?
-64e3c
In base 12, what is -183 + -1365?
-1528
In base 13, what is 135 - c5233?
-c50cb
In base 14, what is -b93 